en 1620187 is divided by 3034.
31
What is the remainder when 11509 is divided by 1621?
162
Calculate the remainder when 946094 is divided by 2039.
2037
Calculate the remainder when 2120126 is divided by 2512.
2510
What is the remainder when 1618640 is divided by 157?
127
Calculate the remainder when 654507 is divided by 3651.
978
What is the remainder when 711149 is divided by 101567?
180
What is the remainder when 5789498 is divided by 100?
98
Calculate the remainder when 111030869 is divided by 205.
204
What is the remainder when 2867126 is divided by 1463?
1109
Calculate the remainder when 2677231 is divided by 892404.
19
What is the remainder when 197850417 is divided by 1494?
1491
What is the remainder when 29228167 is divided by 10?
7
What is the remainder when 214071452 is divided by 185?
182
Calculate the remainder when 685313 is divided by 29.
14
Calculate the remainder when 3317792089 is divided by 5765.
5764
Calculate the remainder when 12615361 is divided by 3197.
3196
Calculate the remainder when 2191645 is divided by 2191600.
45
What is the remainder when 3814401 is divided by 403?
6
What is the remainder when 387036 is divided by 404?
4
Calculate the remainder when 1015338 is divided by 8391.
27
Calculate the remainder when 48290 is divided by 2562.
2174
Calculate the remainder when 34634268 is divided by 5737.
5736
What is the remainder when 2955632 is divided by 32?
16
Calculate the remainder when 893426 is divided by 63816.
2
What is the remainder when 850401 is divided by 6?
3
Calculate the remainder when 3727063 is divided by 1863436.
191
What is the remainder when 162580140 is divided by 2865?
2850
Calculate the remainder when 38279 is divided by 2338.
871
Calculate the remainder when 21571 is divided by 2107.
501
What is the remainder when 1455530410 is divided by 17?
15
Calculate the remainder when 231702 is divided by 2853.
609
What is the remainder when 64641 is divided by 64325?
316
What is the remainder when 238792 is divided by 236438?
2354
Calculate the remainder when 2209156 is divided by 7438.
70
What is the remainder when 18718465 is divided by 16348?
5
What is the remainder when 1338047 is divided by 13?
9
Calculate the remainder when 3520544 is divided by 32298.
62
What is the remainder when 1018093 is divided by 1694?
1693
What is the remainder when 331058 is divided by 4244?
26
What is the remainder when 73627 is divided by 7447?
6604
What is the remainder when 355567 is divided by 3323?
6
What is the remainder when 17654 is divided by 3814?
2398
What is the remainder when 245810 is divided by 7485?
6290
What is the remainder when 2538347 is divided by 1145?
1027
What is the remainder when 1758857 is divided by 26251?
40
What is the remainder when 3029432 is divided by 45?
32
What is the remainder when 961187 is divided by 320370?
77
Calculate the remainder when 94970991 is divided by 13.
11
What is the remainder when 256072 is divided by 669?
514
What is the remainder when 3187317 is divided by 73?
64
What is the remainder when 7506206 is divided by 2157?
2003
What is the remainder when 221641 is divided by 2573?
363
What is the remainder when 40098868 is divided by 2110466?
14
What is the remainder when 223708 is divided by 1373?
1282
Calculate the remainder when 426341 is divided by 3772.
105
What is the remainder when 735434 is divided by 38696?
210
Calculate the remainder when 75261 is divided by 549.
48
Calculate the remainder when 1316027 is divided by 5328.
11
What is the remainder when 71032299 is divided by 10449?
10446
What is the remainder when 122950 is divided by 1206?
1144
Calculate the remainder when 1181524 is divided by 5521.
30
What is the remainder when 474168 is divided by 345?
138
Calculate the remainder when 216774 is divided by 4691.
988
Calculate the remainder when 3131660 is divided by 128.
12
Calculate the remainder when 351957 is divided by 175889.
179
What is the remainder when 19262 is divided by 18234?
1028
What is the remainder when 23795112 is divided by 5375?
5362
Calculate the remainder when 200082 is divided by 10618.
8958
What is the remainder when 12612181 is divided by 6306030?
121
Calculate the remainder when 2076855 is divided by 622.
619
What is the remainder when 1166218 is divided by 3087?
2419
Calculate the remainder when 365511 is divided by 1334.
1329
What is the remainder when 1701491 is divided by 32101?
138
Calculate the remainder when 126876019 is divided by 37.
22
Calculate the remainder when 42786808 is divided by 48.
40
Calculate the remainder when 56161 is divided by 13206.
3337
Calculate the remainder when 67143 is divided by 66532.
611
Calculate the remainder when 82743 is divided by 27395.
558
Calculate the remainder when 56819 is divided by 4050.
119
What is the remainder when 35828 is divided by 649?
133
What is the remainder when 29906044 is divided by 89?
86
Calculate the remainder when 52072150 is divided by 11.
9
Calculate the remainder when 916887 is divided by 14787.
93
What is the remainder when 58985628 is divided by 10?
8
Calculate the remainder when 774397 is divided by 1100.
1097
Calculate the remainder when 1091763 is divided by 181941.
117
Calculate the remainder when 4700479 is divided by 522252.
211
Calculate the remainder when 1374738 is divided by 91640.
138
What is the remainder when 443542 is divided by 5240?
3382
Calculate the remainder when 3904267 is divided by 33.
4
Calculate the remainder when 118236 is divided by 5889.
456
Calculate the remainder when 691577 is divided by 2305.
77
What is the remainder when 2275085 is divided by 2704?
1021
What is the remainder when 1360607 is divided by 2177?
2159
What is the remainder when 184166 is divided by 1716?
554
Calculate the remainder when 7575 is divided by 1262.
3
Calculate the remainder when 489186 is divided by 13.
9
What is the remainder when 14838508 is divided by 2221?
7
What is the remainder when 384704659 is divided by 986?
983
What is the remainder when 22866746 is divided by 1767?
1766
What is the remainder when 5728922 is divided by 22?
12
Calculate the remainder when 267547 is divided by 17833.
52
What is the remainder when 341098 is divided by 28421?
46
What is the remainder when 69993256 is divided by 34996624?
8
Calculate the remainder when 145033 is divided by 227.
207
Calculate the remainder when 219141 is divided by 72689.
1074
What is the remainder when 490362 is divided by 609?
117
Calculate the remainder when 740757 is divided by 691.
5
What is the remainder when 96571061 is divided by 27?
26
Calculate the remainder when 245667 is divided by 2585.
92
What is the remainder when 75553 is divided by 15011?
498
What is the remainder when 10341038 is divided by 90?
38
What is the remainder when 1393917 is divided by 698?
11
What is the remainder when 13668 is divided by 140?
88
Calculate the remainder when 41789123 is divided by 1545.
1508
Calculate the remainder when 3877701 is divided by 775500.
201
Calculate the remainder when 13439871 is divided by 433544.
7
What is the remainder when 4625182 is divided by 18575?
7
What is the remainder when 369945 is divided by 180?
45
What is the remainder when 190841 is divided by 1292?
917
Calculate the remainder when 1528718 is divided by 824.
198
What is the remainder when 32051531 is divided by 305?
301
What is the remainder when 876318478 is divided by 432?
430
Calculate the remainder when 12038029 is divided by 1337558.
7
What is the remainder when 359865 is divided by 3635?
0
Calculate the remainder when 35228239 is divided by 29.
25
What is the remainder when 14617712 is divided by 974514?
2
What is the remainder when 1869132 is divided by 934543?
46
Calculate the remainder when 183849 is divided by 53.
45
Calculate the remainder when 1607959 is divided by 535965.
64
Calculate the remainder when 782195 is divided by 41.
38
What is the remainder when 461698 is divided by 376?
346
What is the remainder when 105974263 is divided by 199?
196
Calculate the remainder when 33486218 is divided by 262.
260
Calculate the remainder when 59451 is divided by 4234.
175
Calculate the remainder when 2311189 is divided by 366.
265
Calculate the remainder when 6142400 is divided by 4242.
4226
What is the remainder when 2025412 i